{"id":5338,"date":"2024-02-23T16:18:38","date_gmt":"2024-02-23T15:18:38","guid":{"rendered":"https:\/\/jaune.centrereliance.fr\/association\/?post_type=product&#038;p=5338"},"modified":"2024-02-23T16:18:40","modified_gmt":"2024-02-23T15:18:40","slug":"atelier-accompagner-ses-enfants-et-grandir-ensemble","status":"publish","type":"product","link":"https:\/\/jaune.centrereliance.fr\/association\/produit\/atelier-accompagner-ses-enfants-et-grandir-ensemble\/","title":{"rendered":"Atelier &#8211; Accompagner ses enfants et grandir ensemble"},"content":{"rendered":"<p>Accompagner et faire grandir nos enfants est une aventure passionnante et source de nombreuses interrogations.<\/p>\n<p>De quoi ont-ils r\u00e9ellement besoin pour se construire\u00a0d\u2019aplomb\u00a0?<\/p>\n<p>Quels rep\u00e8res et outils peuvent nous permettre d\u2019adopter une attitude juste, ferme et bienveillante\u00a0?<\/p>\n<p>Quand leurs comportements nous poussent \u00e0 bout, comment prendre du recul pour ne pas basculer dans le r\u00e9actionnel ?<\/p>\n<p>Et si nos enfants nous \u00ab\u00a0invitaient\u00a0\u00bb \u00e0 nous relier \u00e0 l&rsquo;enfant que nous avons \u00e9t\u00e9, \u00e0 apaiser la relation \u00e0 notre histoire et peut-\u00eatre finir de grandir ?<\/p>\n<p>\u00c0 partir des situations apport\u00e9es par les participant\u00b7es, le formateur proposera des pistes d&rsquo;\u00e9volution pour des relations \u00e9panouissantes et chaleureuses avec nos enfants.<\/p>\n","protected":false},"excerpt":{"rendered":"<p>Accompagner et faire grandir nos enfants est une aventure passionnante et source de nombreuses interrogations. De quoi ont-ils r\u00e9ellement besoin pour se construire\u00a0d\u2019aplomb\u00a0? Quels rep\u00e8res et outils peuvent nous permettre d\u2019adopter une attitude juste, ferme et bienveillante\u00a0? Quand leurs comportements nous poussent \u00e0 bout, comment prendre du recul pour ne pas basculer dans le r\u00e9actionnel [&hellip;]<\/p>\n","protected":false},"featured_media":5339,"comment_status":"open","ping_status":"closed","template":"","meta":{"_et_pb_use_builder":"","_et_pb_old_content":"","_et_gb_content_width":""},"product_brand":[],"product_cat":[22],"product_tag":[],"class_list":{"0":"post-5338","1":"product","2":"type-product","3":"status-publish","4":"has-post-thumbnail","6":"product_cat-ateliers","8":"first","9":"instock","10":"sold-individually","11":"purchasable","12":"product-type-simple"},"yoast_head":"<!-- This site is optimized with the Yoast SEO plugin v25.7 - https:\/\/yoast.com\/wordpress\/plugins\/seo\/ -->\n<title>Atelier - Accompagner ses enfants et grandir ensemble - Am\u00e9liorer ses relations et cheminer vers le meilleur de soi<\/title>\n<meta name=\"robots\" content=\"noindex, follow, max-snippet:-1, max-image-preview:large, max-video-preview:-1\" \/>\n<meta property=\"og:locale\" content=\"fr_FR\" \/>\n<meta property=\"og:type\" content=\"article\" \/>\n<meta property=\"og:title\" content=\"Atelier - Accompagner ses enfants et grandir ensemble - Am\u00e9liorer ses relations et cheminer vers le meilleur de soi\" \/>\n<meta property=\"og:description\" content=\"Accompagner et faire grandir nos enfants est une aventure passionnante et source de nombreuses interrogations. De quoi ont-ils r\u00e9ellement besoin pour se construire\u00a0d\u2019aplomb\u00a0? Quels rep\u00e8res et outils peuvent nous permettre d\u2019adopter une attitude juste, ferme et bienveillante\u00a0? Quand leurs comportements nous poussent \u00e0 bout, comment prendre du recul pour ne pas basculer dans le r\u00e9actionnel [&hellip;]\" \/>\n<meta property=\"og:url\" content=\"https:\/\/jaune.centrereliance.fr\/association\/produit\/atelier-accompagner-ses-enfants-et-grandir-ensemble\/\" \/>\n<meta property=\"og:site_name\" content=\"Am\u00e9liorer ses relations et cheminer vers le meilleur de soi\" \/>\n<meta property=\"article:publisher\" content=\"https:\/\/www.facebook.com\/Reliance-Association-318815031580269\/\" \/>\n<meta property=\"article:modified_time\" content=\"2024-02-23T15:18:40+00:00\" \/>\n<meta property=\"og:image\" content=\"https:\/\/jaune.centrereliance.fr\/association\/wp-content\/uploads\/sites\/2\/2024\/02\/Fotolia_108237946_XS.jpg\" \/>\n\t<meta property=\"og:image:width\" content=\"426\" \/>\n\t<meta property=\"og:image:height\" content=\"282\" \/>\n\t<meta property=\"og:image:type\" content=\"image\/jpeg\" \/>\n<meta name=\"twitter:card\" content=\"summary_large_image\" \/>\n<meta name=\"twitter:label1\" content=\"Dur\u00e9e de lecture estim\u00e9e\" \/>\n\t<meta name=\"twitter:data1\" content=\"1 minute\" \/>\n<script type=\"application\/ld+json\" class=\"yoast-schema-graph\">{\"@context\":\"https:\/\/schema.org\",\"@graph\":[{\"@type\":\"WebPage\",\"@id\":\"https:\/\/jaune.centrereliance.fr\/association\/produit\/atelier-accompagner-ses-enfants-et-grandir-ensemble\/\",\"url\":\"https:\/\/jaune.centrereliance.fr\/association\/produit\/atelier-accompagner-ses-enfants-et-grandir-ensemble\/\",\"name\":\"Atelier - Accompagner ses enfants et grandir ensemble - Am\u00e9liorer ses relations et cheminer vers le meilleur de soi\",\"isPartOf\":{\"@id\":\"https:\/\/jaune.centrereliance.fr\/association\/#website\"},\"primaryImageOfPage\":{\"@id\":\"https:\/\/jaune.centrereliance.fr\/association\/produit\/atelier-accompagner-ses-enfants-et-grandir-ensemble\/#primaryimage\"},\"image\":{\"@id\":\"https:\/\/jaune.centrereliance.fr\/association\/produit\/atelier-accompagner-ses-enfants-et-grandir-ensemble\/#primaryimage\"},\"thumbnailUrl\":\"https:\/\/jaune.centrereliance.fr\/association\/wp-content\/uploads\/sites\/2\/2024\/02\/Fotolia_108237946_XS.jpg\",\"datePublished\":\"2024-02-23T15:18:38+00:00\",\"dateModified\":\"2024-02-23T15:18:40+00:00\",\"breadcrumb\":{\"@id\":\"https:\/\/jaune.centrereliance.fr\/association\/produit\/atelier-accompagner-ses-enfants-et-grandir-ensemble\/#breadcrumb\"},\"inLanguage\":\"fr-FR\",\"potentialAction\":[{\"@type\":\"ReadAction\",\"target\":[\"https:\/\/jaune.centrereliance.fr\/association\/produit\/atelier-accompagner-ses-enfants-et-grandir-ensemble\/\"]}]},{\"@type\":\"ImageObject\",\"inLanguage\":\"fr-FR\",\"@id\":\"https:\/\/jaune.centrereliance.fr\/association\/produit\/atelier-accompagner-ses-enfants-et-grandir-ensemble\/#primaryimage\",\"url\":\"https:\/\/jaune.centrereliance.fr\/association\/wp-content\/uploads\/sites\/2\/2024\/02\/Fotolia_108237946_XS.jpg\",\"contentUrl\":\"https:\/\/jaune.centrereliance.fr\/association\/wp-content\/uploads\/sites\/2\/2024\/02\/Fotolia_108237946_XS.jpg\",\"width\":426,\"height\":282},{\"@type\":\"BreadcrumbList\",\"@id\":\"https:\/\/jaune.centrereliance.fr\/association\/produit\/atelier-accompagner-ses-enfants-et-grandir-ensemble\/#breadcrumb\",\"itemListElement\":[{\"@type\":\"ListItem\",\"position\":1,\"name\":\"Accueil\",\"item\":\"https:\/\/jaune.centrereliance.fr\/association\/\"},{\"@type\":\"ListItem\",\"position\":2,\"name\":\"Catalogue\",\"item\":\"https:\/\/jaune.centrereliance.fr\/association\/catalogue\/\"},{\"@type\":\"ListItem\",\"position\":3,\"name\":\"Atelier &#8211; Accompagner ses enfants et grandir ensemble\"}]},{\"@type\":\"WebSite\",\"@id\":\"https:\/\/jaune.centrereliance.fr\/association\/#website\",\"url\":\"https:\/\/jaune.centrereliance.fr\/association\/\",\"name\":\"Am\u00e9liorer ses relations et cheminer vers le meilleur de soi\",\"description\":\"Nos actions \u00e0 destination des particuliers\",\"publisher\":{\"@id\":\"https:\/\/jaune.centrereliance.fr\/association\/#organization\"},\"potentialAction\":[{\"@type\":\"SearchAction\",\"target\":{\"@type\":\"EntryPoint\",\"urlTemplate\":\"https:\/\/jaune.centrereliance.fr\/association\/?s={search_term_string}\"},\"query-input\":{\"@type\":\"PropertyValueSpecification\",\"valueRequired\":true,\"valueName\":\"search_term_string\"}}],\"inLanguage\":\"fr-FR\"},{\"@type\":\"Organization\",\"@id\":\"https:\/\/jaune.centrereliance.fr\/association\/#organization\",\"name\":\"Reliance ASSOCIATION\",\"url\":\"https:\/\/jaune.centrereliance.fr\/association\/\",\"logo\":{\"@type\":\"ImageObject\",\"inLanguage\":\"fr-FR\",\"@id\":\"https:\/\/jaune.centrereliance.fr\/association\/#\/schema\/logo\/image\/\",\"url\":\"https:\/\/jaune.centrereliance.fr\/association\/wp-content\/uploads\/sites\/2\/2016\/10\/Logo-SARL-e1476290643249.jpg\",\"contentUrl\":\"https:\/\/jaune.centrereliance.fr\/association\/wp-content\/uploads\/sites\/2\/2016\/10\/Logo-SARL-e1476290643249.jpg\",\"width\":101,\"height\":110,\"caption\":\"Reliance ASSOCIATION\"},\"image\":{\"@id\":\"https:\/\/jaune.centrereliance.fr\/association\/#\/schema\/logo\/image\/\"},\"sameAs\":[\"https:\/\/www.facebook.com\/Reliance-Association-318815031580269\/\",\"https:\/\/www.linkedin.com\/company-beta\/16261855\"]}]}<\/script>\n<!-- \/ Yoast SEO plugin. -->","yoast_head_json":{"title":"Atelier - Accompagner ses enfants et grandir ensemble - Am\u00e9liorer ses relations et cheminer vers le meilleur de soi","robots":{"index":"noindex","follow":"follow","max-snippet":"max-snippet:-1","max-image-preview":"max-image-preview:large","max-video-preview":"max-video-preview:-1"},"og_locale":"fr_FR","og_type":"article","og_title":"Atelier - Accompagner ses enfants et grandir ensemble - Am\u00e9liorer ses relations et cheminer vers le meilleur de soi","og_description":"Accompagner et faire grandir nos enfants est une aventure passionnante et source de nombreuses interrogations. De quoi ont-ils r\u00e9ellement besoin pour se construire\u00a0d\u2019aplomb\u00a0? Quels rep\u00e8res et outils peuvent nous permettre d\u2019adopter une attitude juste, ferme et bienveillante\u00a0? Quand leurs comportements nous poussent \u00e0 bout, comment prendre du recul pour ne pas basculer dans le r\u00e9actionnel [&hellip;]","og_url":"https:\/\/jaune.centrereliance.fr\/association\/produit\/atelier-accompagner-ses-enfants-et-grandir-ensemble\/","og_site_name":"Am\u00e9liorer ses relations et cheminer vers le meilleur de soi","article_publisher":"https:\/\/www.facebook.com\/Reliance-Association-318815031580269\/","article_modified_time":"2024-02-23T15:18:40+00:00","og_image":[{"width":426,"height":282,"url":"https:\/\/jaune.centrereliance.fr\/association\/wp-content\/uploads\/sites\/2\/2024\/02\/Fotolia_108237946_XS.jpg","type":"image\/jpeg"}],"twitter_card":"summary_large_image","twitter_misc":{"Dur\u00e9e de lecture estim\u00e9e":"1 minute"},"schema":{"@context":"https:\/\/schema.org","@graph":[{"@type":"WebPage","@id":"https:\/\/jaune.centrereliance.fr\/association\/produit\/atelier-accompagner-ses-enfants-et-grandir-ensemble\/","url":"https:\/\/jaune.centrereliance.fr\/association\/produit\/atelier-accompagner-ses-enfants-et-grandir-ensemble\/","name":"Atelier - Accompagner ses enfants et grandir ensemble - Am\u00e9liorer ses relations et cheminer vers le meilleur de soi","isPartOf":{"@id":"https:\/\/jaune.centrereliance.fr\/association\/#website"},"primaryImageOfPage":{"@id":"https:\/\/jaune.centrereliance.fr\/association\/produit\/atelier-accompagner-ses-enfants-et-grandir-ensemble\/#primaryimage"},"image":{"@id":"https:\/\/jaune.centrereliance.fr\/association\/produit\/atelier-accompagner-ses-enfants-et-grandir-ensemble\/#primaryimage"},"thumbnailUrl":"https:\/\/jaune.centrereliance.fr\/association\/wp-content\/uploads\/sites\/2\/2024\/02\/Fotolia_108237946_XS.jpg","datePublished":"2024-02-23T15:18:38+00:00","dateModified":"2024-02-23T15:18:40+00:00","breadcrumb":{"@id":"https:\/\/jaune.centrereliance.fr\/association\/produit\/atelier-accompagner-ses-enfants-et-grandir-ensemble\/#breadcrumb"},"inLanguage":"fr-FR","potentialAction":[{"@type":"ReadAction","target":["https:\/\/jaune.centrereliance.fr\/association\/produit\/atelier-accompagner-ses-enfants-et-grandir-ensemble\/"]}]},{"@type":"ImageObject","inLanguage":"fr-FR","@id":"https:\/\/jaune.centrereliance.fr\/association\/produit\/atelier-accompagner-ses-enfants-et-grandir-ensemble\/#primaryimage","url":"https:\/\/jaune.centrereliance.fr\/association\/wp-content\/uploads\/sites\/2\/2024\/02\/Fotolia_108237946_XS.jpg","contentUrl":"https:\/\/jaune.centrereliance.fr\/association\/wp-content\/uploads\/sites\/2\/2024\/02\/Fotolia_108237946_XS.jpg","width":426,"height":282},{"@type":"BreadcrumbList","@id":"https:\/\/jaune.centrereliance.fr\/association\/produit\/atelier-accompagner-ses-enfants-et-grandir-ensemble\/#breadcrumb","itemListElement":[{"@type":"ListItem","position":1,"name":"Accueil","item":"https:\/\/jaune.centrereliance.fr\/association\/"},{"@type":"ListItem","position":2,"name":"Catalogue","item":"https:\/\/jaune.centrereliance.fr\/association\/catalogue\/"},{"@type":"ListItem","position":3,"name":"Atelier &#8211; Accompagner ses enfants et grandir ensemble"}]},{"@type":"WebSite","@id":"https:\/\/jaune.centrereliance.fr\/association\/#website","url":"https:\/\/jaune.centrereliance.fr\/association\/","name":"Am\u00e9liorer ses relations et cheminer vers le meilleur de soi","description":"Nos actions \u00e0 destination des particuliers","publisher":{"@id":"https:\/\/jaune.centrereliance.fr\/association\/#organization"},"potentialAction":[{"@type":"SearchAction","target":{"@type":"EntryPoint","urlTemplate":"https:\/\/jaune.centrereliance.fr\/association\/?s={search_term_string}"},"query-input":{"@type":"PropertyValueSpecification","valueRequired":true,"valueName":"search_term_string"}}],"inLanguage":"fr-FR"},{"@type":"Organization","@id":"https:\/\/jaune.centrereliance.fr\/association\/#organization","name":"Reliance ASSOCIATION","url":"https:\/\/jaune.centrereliance.fr\/association\/","logo":{"@type":"ImageObject","inLanguage":"fr-FR","@id":"https:\/\/jaune.centrereliance.fr\/association\/#\/schema\/logo\/image\/","url":"https:\/\/jaune.centrereliance.fr\/association\/wp-content\/uploads\/sites\/2\/2016\/10\/Logo-SARL-e1476290643249.jpg","contentUrl":"https:\/\/jaune.centrereliance.fr\/association\/wp-content\/uploads\/sites\/2\/2016\/10\/Logo-SARL-e1476290643249.jpg","width":101,"height":110,"caption":"Reliance ASSOCIATION"},"image":{"@id":"https:\/\/jaune.centrereliance.fr\/association\/#\/schema\/logo\/image\/"},"sameAs":["https:\/\/www.facebook.com\/Reliance-Association-318815031580269\/","https:\/\/www.linkedin.com\/company-beta\/16261855"]}]}},"_links":{"self":[{"href":"https:\/\/jaune.centrereliance.fr\/association\/wp-json\/wp\/v2\/product\/5338","targetHints":{"allow":["GET"]}}],"collection":[{"href":"https:\/\/jaune.centrereliance.fr\/association\/wp-json\/wp\/v2\/product"}],"about":[{"href":"https:\/\/jaune.centrereliance.fr\/association\/wp-json\/wp\/v2\/types\/product"}],"replies":[{"embeddable":true,"href":"https:\/\/jaune.centrereliance.fr\/association\/wp-json\/wp\/v2\/comments?post=5338"}],"wp:featuredmedia":[{"embeddable":true,"href":"https:\/\/jaune.centrereliance.fr\/association\/wp-json\/wp\/v2\/media\/5339"}],"wp:attachment":[{"href":"https:\/\/jaune.centrereliance.fr\/association\/wp-json\/wp\/v2\/media?parent=5338"}],"wp:term":[{"taxonomy":"product_brand","embeddable":true,"href":"https:\/\/jaune.centrereliance.fr\/association\/wp-json\/wp\/v2\/product_brand?post=5338"},{"taxonomy":"product_cat","embeddable":true,"href":"https:\/\/jaune.centrereliance.fr\/association\/wp-json\/wp\/v2\/product_cat?post=5338"},{"taxonomy":"product_tag","embeddable":true,"href":"https:\/\/jaune.centrereliance.fr\/association\/wp-json\/wp\/v2\/product_tag?post=5338"}],"curies":[{"name":"wp","href":"https:\/\/api.w.org\/{rel}","templated":true}]}}