{"id":378,"date":"2017-03-02T02:18:45","date_gmt":"2017-03-02T01:18:45","guid":{"rendered":"https:\/\/jaune.centrereliance.fr\/sarl\/?page_id=378"},"modified":"2018-03-14T22:37:09","modified_gmt":"2018-03-14T21:37:09","slug":"supervision-des-formateurs-et-praticiens-en-methode-espere-a-la-reunion","status":"publish","type":"page","link":"https:\/\/jaune.centrereliance.fr\/sarl\/supervision-des-formateurs-et-praticiens-en-methode-espere-a-la-reunion\/","title":{"rendered":"Supervision des formateurs et praticiens en M\u00e9thode ESPERE\u00ae \u00e0 La R\u00e9union"},"content":{"rendered":"<p>&nbsp;<\/p>\n<p class=\"page_activite_rubrique\"><span style=\"color: #ff6600\">Pour qui ?<\/span><\/p>\n<p>Les rencontres de supervision s&rsquo;adressent aux formateurs en M\u00e9thode ESPERE\u00ae, ou praticiens en individuel, agr\u00e9\u00e9s par l&rsquo;Institut ESPERE International pour transmettre la m\u00e9thode, ou qui sont en cours de formation de formateurs et praticiens.<\/p>\n<p class=\"page_activite_rubrique\"><span style=\"color: #ff6600\">Objectifs<\/span><\/p>\n<p>1) Clarifier les aspects th\u00e9oriques de la m\u00e9thode : r\u00e8gles relationnelles, concetps et outils<br \/>\n2) Se perfectionner dans l&rsquo;enseignement et la pratique p\u00e9dagogique de la m\u00e9thode<br \/>\n3) Travailler sur les r\u00e9sonances personnelles qu&rsquo;ont eues certaines situations professionnelles dans la position de formateur ou de praticien<\/p>\n<p class=\"page_activite_rubrique\"><span style=\"color: #ff6600\">Modalit\u00e9s pratiques et prix<br \/>\n<\/span><\/p>\n<p>Les s\u00e9ances se d\u00e9roulent \u00e0 Saint-Pierre, les samedis et dimanche de 8h30 \u00e0 17h. La prochaine a lieu les <strong>14 et 15 avril 2018.<\/strong> Exceptionnellement, elle est propos\u00e9e <strong>en participation consciente libre<\/strong>. S&rsquo;inscrire en ligne ci-dessous, il n&rsquo;y a pas de r\u00e8glement \u00e0 faire. Les personnes inscrites recevront ult\u00e9rieurement les informations pour proc\u00e9der \u00e0 leur participation libre.<\/p>\n<div class=\"woocommerce columns-1 \"><\/div>\n","protected":false},"excerpt":{"rendered":"<p>&nbsp; Pour qui ? Les rencontres de supervision s&rsquo;adressent aux formateurs en M\u00e9thode ESPERE\u00ae, ou praticiens en individuel, agr\u00e9\u00e9s par l&rsquo;Institut ESPERE International pour transmettre la m\u00e9thode, ou qui sont en cours de formation de formateurs et praticiens. Objectifs 1) Clarifier les aspects th\u00e9oriques de la m\u00e9thode : r\u00e8gles relationnelles, concetps et outils 2) Se [&hellip;]<\/p>\n","protected":false},"author":1,"featured_media":0,"parent":0,"menu_order":0,"comment_status":"open","ping_status":"closed","template":"","meta":{"_et_pb_use_builder":"","_et_pb_old_content":"","_et_gb_content_width":"","footnotes":""},"class_list":["post-378","page","type-page","status-publish","hentry"],"yoast_head":"<!-- This site is optimized with the Yoast SEO plugin v25.7 - https:\/\/yoast.com\/wordpress\/plugins\/seo\/ -->\n<title>Supervision des formateurs et praticiens en M\u00e9thode ESPERE\u00ae \u00e0 La R\u00e9union - Placer l\u2019humain au c\u0153ur des organisations<\/title>\n<meta name=\"robots\" content=\"noindex, follow, max-snippet:-1, max-image-preview:large, max-video-preview:-1\" \/>\n<meta property=\"og:locale\" content=\"fr_FR\" \/>\n<meta property=\"og:type\" content=\"article\" \/>\n<meta property=\"og:title\" content=\"Supervision des formateurs et praticiens en M\u00e9thode ESPERE\u00ae \u00e0 La R\u00e9union - Placer l\u2019humain au c\u0153ur des organisations\" \/>\n<meta property=\"og:description\" content=\"&nbsp; Pour qui ? Les rencontres de supervision s&rsquo;adressent aux formateurs en M\u00e9thode ESPERE\u00ae, ou praticiens en individuel, agr\u00e9\u00e9s par l&rsquo;Institut ESPERE International pour transmettre la m\u00e9thode, ou qui sont en cours de formation de formateurs et praticiens. Objectifs 1) Clarifier les aspects th\u00e9oriques de la m\u00e9thode : r\u00e8gles relationnelles, concetps et outils 2) Se [&hellip;]\" \/>\n<meta property=\"og:url\" content=\"https:\/\/jaune.centrereliance.fr\/sarl\/supervision-des-formateurs-et-praticiens-en-methode-espere-a-la-reunion\/\" \/>\n<meta property=\"og:site_name\" content=\"Placer l\u2019humain au c\u0153ur des organisations\" \/>\n<meta property=\"article:publisher\" content=\"https:\/\/www.facebook.com\/Reliance-Association-318815031580269\/\" \/>\n<meta property=\"article:modified_time\" content=\"2018-03-14T21:37:09+00:00\" \/>\n<meta name=\"twitter:card\" content=\"summary_large_image\" \/>\n<meta name=\"twitter:label1\" content=\"Dur\u00e9e de lecture estim\u00e9e\" \/>\n\t<meta name=\"twitter:data1\" content=\"1 minute\" \/>\n<script type=\"application\/ld+json\" class=\"yoast-schema-graph\">{\"@context\":\"https:\/\/schema.org\",\"@graph\":[{\"@type\":\"WebPage\",\"@id\":\"https:\/\/jaune.centrereliance.fr\/sarl\/supervision-des-formateurs-et-praticiens-en-methode-espere-a-la-reunion\/\",\"url\":\"https:\/\/jaune.centrereliance.fr\/sarl\/supervision-des-formateurs-et-praticiens-en-methode-espere-a-la-reunion\/\",\"name\":\"Supervision des formateurs et praticiens en M\u00e9thode ESPERE\u00ae \u00e0 La R\u00e9union - Placer l\u2019humain au c\u0153ur des organisations\",\"isPartOf\":{\"@id\":\"https:\/\/jaune.centrereliance.fr\/sarl\/#website\"},\"datePublished\":\"2017-03-02T01:18:45+00:00\",\"dateModified\":\"2018-03-14T21:37:09+00:00\",\"breadcrumb\":{\"@id\":\"https:\/\/jaune.centrereliance.fr\/sarl\/supervision-des-formateurs-et-praticiens-en-methode-espere-a-la-reunion\/#breadcrumb\"},\"inLanguage\":\"fr-FR\",\"potentialAction\":[{\"@type\":\"ReadAction\",\"target\":[\"https:\/\/jaune.centrereliance.fr\/sarl\/supervision-des-formateurs-et-praticiens-en-methode-espere-a-la-reunion\/\"]}]},{\"@type\":\"BreadcrumbList\",\"@id\":\"https:\/\/jaune.centrereliance.fr\/sarl\/supervision-des-formateurs-et-praticiens-en-methode-espere-a-la-reunion\/#breadcrumb\",\"itemListElement\":[{\"@type\":\"ListItem\",\"position\":1,\"name\":\"Accueil\",\"item\":\"https:\/\/jaune.centrereliance.fr\/sarl\/\"},{\"@type\":\"ListItem\",\"position\":2,\"name\":\"Supervision des formateurs et praticiens en M\u00e9thode ESPERE\u00ae \u00e0 La R\u00e9union\"}]},{\"@type\":\"WebSite\",\"@id\":\"https:\/\/jaune.centrereliance.fr\/sarl\/#website\",\"url\":\"https:\/\/jaune.centrereliance.fr\/sarl\/\",\"name\":\"Placer l\u2019humain au c\u0153ur des organisations\",\"description\":\"Nos actions \u00e0 destination des professionnels\",\"publisher\":{\"@id\":\"https:\/\/jaune.centrereliance.fr\/sarl\/#organization\"},\"potentialAction\":[{\"@type\":\"SearchAction\",\"target\":{\"@type\":\"EntryPoint\",\"urlTemplate\":\"https:\/\/jaune.centrereliance.fr\/sarl\/?s={search_term_string}\"},\"query-input\":{\"@type\":\"PropertyValueSpecification\",\"valueRequired\":true,\"valueName\":\"search_term_string\"}}],\"inLanguage\":\"fr-FR\"},{\"@type\":\"Organization\",\"@id\":\"https:\/\/jaune.centrereliance.fr\/sarl\/#organization\",\"name\":\"Reliance SARL\",\"url\":\"https:\/\/jaune.centrereliance.fr\/sarl\/\",\"logo\":{\"@type\":\"ImageObject\",\"inLanguage\":\"fr-FR\",\"@id\":\"https:\/\/jaune.centrereliance.fr\/sarl\/#\/schema\/logo\/image\/\",\"url\":\"https:\/\/jaune.centrereliance.fr\/sarl\/wp-content\/uploads\/sites\/3\/2016\/10\/Logo-SARL-e1476290643249.jpg\",\"contentUrl\":\"https:\/\/jaune.centrereliance.fr\/sarl\/wp-content\/uploads\/sites\/3\/2016\/10\/Logo-SARL-e1476290643249.jpg\",\"width\":101,\"height\":110,\"caption\":\"Reliance SARL\"},\"image\":{\"@id\":\"https:\/\/jaune.centrereliance.fr\/sarl\/#\/schema\/logo\/image\/\"},\"sameAs\":[\"https:\/\/www.facebook.com\/Reliance-Association-318815031580269\/\",\"https:\/\/www.linkedin.com\/company-beta\/16261855\"]}]}<\/script>\n<!-- \/ Yoast SEO plugin. -->","yoast_head_json":{"title":"Supervision des formateurs et praticiens en M\u00e9thode ESPERE\u00ae \u00e0 La R\u00e9union - Placer l\u2019humain au c\u0153ur des organisations","robots":{"index":"noindex","follow":"follow","max-snippet":"max-snippet:-1","max-image-preview":"max-image-preview:large","max-video-preview":"max-video-preview:-1"},"og_locale":"fr_FR","og_type":"article","og_title":"Supervision des formateurs et praticiens en M\u00e9thode ESPERE\u00ae \u00e0 La R\u00e9union - Placer l\u2019humain au c\u0153ur des organisations","og_description":"&nbsp; Pour qui ? Les rencontres de supervision s&rsquo;adressent aux formateurs en M\u00e9thode ESPERE\u00ae, ou praticiens en individuel, agr\u00e9\u00e9s par l&rsquo;Institut ESPERE International pour transmettre la m\u00e9thode, ou qui sont en cours de formation de formateurs et praticiens. Objectifs 1) Clarifier les aspects th\u00e9oriques de la m\u00e9thode : r\u00e8gles relationnelles, concetps et outils 2) Se [&hellip;]","og_url":"https:\/\/jaune.centrereliance.fr\/sarl\/supervision-des-formateurs-et-praticiens-en-methode-espere-a-la-reunion\/","og_site_name":"Placer l\u2019humain au c\u0153ur des organisations","article_publisher":"https:\/\/www.facebook.com\/Reliance-Association-318815031580269\/","article_modified_time":"2018-03-14T21:37:09+00:00","twitter_card":"summary_large_image","twitter_misc":{"Dur\u00e9e de lecture estim\u00e9e":"1 minute"},"schema":{"@context":"https:\/\/schema.org","@graph":[{"@type":"WebPage","@id":"https:\/\/jaune.centrereliance.fr\/sarl\/supervision-des-formateurs-et-praticiens-en-methode-espere-a-la-reunion\/","url":"https:\/\/jaune.centrereliance.fr\/sarl\/supervision-des-formateurs-et-praticiens-en-methode-espere-a-la-reunion\/","name":"Supervision des formateurs et praticiens en M\u00e9thode ESPERE\u00ae \u00e0 La R\u00e9union - Placer l\u2019humain au c\u0153ur des organisations","isPartOf":{"@id":"https:\/\/jaune.centrereliance.fr\/sarl\/#website"},"datePublished":"2017-03-02T01:18:45+00:00","dateModified":"2018-03-14T21:37:09+00:00","breadcrumb":{"@id":"https:\/\/jaune.centrereliance.fr\/sarl\/supervision-des-formateurs-et-praticiens-en-methode-espere-a-la-reunion\/#breadcrumb"},"inLanguage":"fr-FR","potentialAction":[{"@type":"ReadAction","target":["https:\/\/jaune.centrereliance.fr\/sarl\/supervision-des-formateurs-et-praticiens-en-methode-espere-a-la-reunion\/"]}]},{"@type":"BreadcrumbList","@id":"https:\/\/jaune.centrereliance.fr\/sarl\/supervision-des-formateurs-et-praticiens-en-methode-espere-a-la-reunion\/#breadcrumb","itemListElement":[{"@type":"ListItem","position":1,"name":"Accueil","item":"https:\/\/jaune.centrereliance.fr\/sarl\/"},{"@type":"ListItem","position":2,"name":"Supervision des formateurs et praticiens en M\u00e9thode ESPERE\u00ae \u00e0 La R\u00e9union"}]},{"@type":"WebSite","@id":"https:\/\/jaune.centrereliance.fr\/sarl\/#website","url":"https:\/\/jaune.centrereliance.fr\/sarl\/","name":"Placer l\u2019humain au c\u0153ur des organisations","description":"Nos actions \u00e0 destination des professionnels","publisher":{"@id":"https:\/\/jaune.centrereliance.fr\/sarl\/#organization"},"potentialAction":[{"@type":"SearchAction","target":{"@type":"EntryPoint","urlTemplate":"https:\/\/jaune.centrereliance.fr\/sarl\/?s={search_term_string}"},"query-input":{"@type":"PropertyValueSpecification","valueRequired":true,"valueName":"search_term_string"}}],"inLanguage":"fr-FR"},{"@type":"Organization","@id":"https:\/\/jaune.centrereliance.fr\/sarl\/#organization","name":"Reliance SARL","url":"https:\/\/jaune.centrereliance.fr\/sarl\/","logo":{"@type":"ImageObject","inLanguage":"fr-FR","@id":"https:\/\/jaune.centrereliance.fr\/sarl\/#\/schema\/logo\/image\/","url":"https:\/\/jaune.centrereliance.fr\/sarl\/wp-content\/uploads\/sites\/3\/2016\/10\/Logo-SARL-e1476290643249.jpg","contentUrl":"https:\/\/jaune.centrereliance.fr\/sarl\/wp-content\/uploads\/sites\/3\/2016\/10\/Logo-SARL-e1476290643249.jpg","width":101,"height":110,"caption":"Reliance SARL"},"image":{"@id":"https:\/\/jaune.centrereliance.fr\/sarl\/#\/schema\/logo\/image\/"},"sameAs":["https:\/\/www.facebook.com\/Reliance-Association-318815031580269\/","https:\/\/www.linkedin.com\/company-beta\/16261855"]}]}},"_links":{"self":[{"href":"https:\/\/jaune.centrereliance.fr\/sarl\/wp-json\/wp\/v2\/pages\/378","targetHints":{"allow":["GET"]}}],"collection":[{"href":"https:\/\/jaune.centrereliance.fr\/sarl\/wp-json\/wp\/v2\/pages"}],"about":[{"href":"https:\/\/jaune.centrereliance.fr\/sarl\/wp-json\/wp\/v2\/types\/page"}],"author":[{"embeddable":true,"href":"https:\/\/jaune.centrereliance.fr\/sarl\/wp-json\/wp\/v2\/users\/1"}],"replies":[{"embeddable":true,"href":"https:\/\/jaune.centrereliance.fr\/sarl\/wp-json\/wp\/v2\/comments?post=378"}],"version-history":[{"count":11,"href":"https:\/\/jaune.centrereliance.fr\/sarl\/wp-json\/wp\/v2\/pages\/378\/revisions"}],"predecessor-version":[{"id":1602,"href":"https:\/\/jaune.centrereliance.fr\/sarl\/wp-json\/wp\/v2\/pages\/378\/revisions\/1602"}],"wp:attachment":[{"href":"https:\/\/jaune.centrereliance.fr\/sarl\/wp-json\/wp\/v2\/media?parent=378"}],"curies":[{"name":"wp","href":"https:\/\/api.w.org\/{rel}","templated":true}]}}